{"id":36209,"date":"2025-01-20T12:38:50","date_gmt":"2025-01-20T17:38:50","guid":{"rendered":"https:\/\/inmaya.qroo.gob.mx\/?page_id=36209"},"modified":"2025-01-20T16:37:50","modified_gmt":"2025-01-20T21:37:50","slug":"direccion-de-consulta-y-estudios-indigenas","status":"publish","type":"page","link":"https:\/\/inmaya.qroo.gob.mx\/index.php\/direccion-de-consulta-y-estudios-indigenas\/","title":{"rendered":"Direcci\u00f3n de Consulta y Estudios Ind\u00edgenas"},"content":{"rendered":"\t\t<div data-elementor-type=\"wp-page\" data-elementor-id=\"36209\" class=\"elementor elementor-36209\">\n\t\t\t\t<div class=\"elementor-element elementor-element-fdfdd12 e-flex e-con-boxed e-con e-parent\" data-id=\"fdfdd12\" data-element_type=\"container\">\n\t\t\t\t\t<div class=\"e-con-inner\">\n\t\t\t\t<div class=\"elementor-element elementor-element-b07acaf elementor-widget elementor-widget-heading\" data-id=\"b07acaf\" data-element_type=\"widget\" data-widget_type=\"heading.default\">\n\t\t\t\t<div class=\"elementor-widget-container\">\n\t\t\t\t\t<h1 class=\"elementor-heading-title elementor-size-default\"><h1 class=\"wp-block wp-block-post-title block-editor-block-list__block editor-post-title editor-post-title__input rich-text is-selected\" aria-label=\"A\u00f1adir t\u00edtulo\" role=\"textbox\" style=\"--tw-border-spacing-x: 0;--tw-border-spacing-y: 0;--tw-translate-x: 0;--tw-translate-y: 0;--tw-rotate: 0;--tw-skew-x: 0;--tw-skew-y: 0;--tw-scale-x: 1;--tw-scale-y: 1;--tw-pan-x:;--tw-pan-y:;--tw-pinch-zoom:;--tw-scroll-snap-strictness: proximity;--tw-ordinal:;--tw-slashed-zero:;--tw-numeric-figure:;--tw-numeric-spacing:;--tw-numeric-fraction:;--tw-ring-inset:;--tw-ring-offset-width: 0px;--tw-ring-offset-color: #fff;--tw-ring-color: #3b82f680;--tw-ring-offset-shadow: 0 0 #0000;--tw-ring-shadow: 0 0 #0000;--tw-shadow: 0 0 #0000;--tw-shadow-colored: 0 0 #0000;--tw-blur:;--tw-brightness:;--tw-contrast:;--tw-grayscale:;--tw-hue-rotate:;--tw-invert:;--tw-saturate:;--tw-sepia:;--tw-drop-shadow:;--tw-backdrop-blur:;--tw-backdrop-brightness:;--tw-backdrop-contrast:;--tw-backdrop-grayscale:;--tw-backdrop-hue-rotate:;--tw-backdrop-invert:;--tw-backdrop-opacity:;--tw-backdrop-saturate:;--tw-backdrop-sepia:;margin-right: auto;margin-left: auto;max-width: var(--content-width);position: relative;font-style: normal;min-width: 1px\">Direcci\u00f3n de Consulta y Estudios Ind\u00edgenas<\/h1><\/h1>\t\t\t\t<\/div>\n\t\t\t\t<\/div>\n\t\t\t\t\t<\/div>\n\t\t\t\t<\/div>\n\t\t<div class=\"elementor-element elementor-element-3f340e1 e-grid e-con-boxed e-con e-parent\" data-id=\"3f340e1\" data-element_type=\"container\">\n\t\t\t\t\t<div class=\"e-con-inner\">\n\t\t\t\t<div class=\"elementor-element elementor-element-628963b elementor-widget elementor-widget-image\" data-id=\"628963b\" data-element_type=\"widget\" data-widget_type=\"image.default\">\n\t\t\t\t<div class=\"elementor-widget-container\">\n\t\t\t\t\t\t\t\t\t\t\t\t\t\t\t\t<a href=\"https:\/\/inmaya.qroo.gob.mx\/index.php\/entrevistas-dignatarioas-mayas-y-medicina-tradicional\/\">\n\t\t\t\t\t\t\t<img fetchpriority=\"high\" decoding=\"async\" width=\"1024\" height=\"1024\" src=\"https:\/\/inmaya.qroo.gob.mx\/wp-content\/uploads\/2025\/01\/Entrevistas-1-1024x1024.jpg\" class=\"elementor-animation-grow attachment-large size-large wp-image-36288\" alt=\"\" srcset=\"https:\/\/inmaya.qroo.gob.mx\/wp-content\/uploads\/2025\/01\/Entrevistas-1-1024x1024.jpg 1024w, https:\/\/inmaya.qroo.gob.mx\/wp-content\/uploads\/2025\/01\/Entrevistas-1-300x300.jpg 300w, https:\/\/inmaya.qroo.gob.mx\/wp-content\/uploads\/2025\/01\/Entrevistas-1-150x150.jpg 150w, https:\/\/inmaya.qroo.gob.mx\/wp-content\/uploads\/2025\/01\/Entrevistas-1-768x768.jpg 768w, https:\/\/inmaya.qroo.gob.mx\/wp-content\/uploads\/2025\/01\/Entrevistas-1.jpg 1080w\" sizes=\"(max-width: 1024px) 100vw, 1024px\" \/>\t\t\t\t\t\t\t\t<\/a>\n\t\t\t\t\t\t\t\t\t\t\t\t\t\t\t<\/div>\n\t\t\t\t<\/div>\n\t\t\t\t<div class=\"elementor-element elementor-element-0c66825 elementor-widget elementor-widget-image\" data-id=\"0c66825\" data-element_type=\"widget\" data-widget_type=\"image.default\">\n\t\t\t\t<div class=\"elementor-widget-container\">\n\t\t\t\t\t\t\t\t\t\t\t\t\t\t\t\t<a href=\"https:\/\/inmaya.qroo.gob.mx\/index.php\/colaboraciones-estudios-de-desarrollo-y-consultas\/\">\n\t\t\t\t\t\t\t<img decoding=\"async\" width=\"1024\" height=\"1024\" src=\"https:\/\/inmaya.qroo.gob.mx\/wp-content\/uploads\/2025\/01\/Colaboraciones-1024x1024.jpg\" class=\"elementor-animation-grow attachment-large size-large wp-image-36214\" alt=\"\" srcset=\"https:\/\/inmaya.qroo.gob.mx\/wp-content\/uploads\/2025\/01\/Colaboraciones-1024x1024.jpg 1024w, https:\/\/inmaya.qroo.gob.mx\/wp-content\/uploads\/2025\/01\/Colaboraciones-300x300.jpg 300w, https:\/\/inmaya.qroo.gob.mx\/wp-content\/uploads\/2025\/01\/Colaboraciones-150x150.jpg 150w, https:\/\/inmaya.qroo.gob.mx\/wp-content\/uploads\/2025\/01\/Colaboraciones-768x768.jpg 768w, https:\/\/inmaya.qroo.gob.mx\/wp-content\/uploads\/2025\/01\/Colaboraciones.jpg 1080w\" sizes=\"(max-width: 1024px) 100vw, 1024px\" \/>\t\t\t\t\t\t\t\t<\/a>\n\t\t\t\t\t\t\t\t\t\t\t\t\t\t\t<\/div>\n\t\t\t\t<\/div>\n\t\t\t\t\t<\/div>\n\t\t\t\t<\/div>\n\t\t<div class=\"elementor-element elementor-element-1f47466 e-grid e-con-boxed e-con e-parent\" data-id=\"1f47466\" data-element_type=\"container\">\n\t\t\t\t\t<div class=\"e-con-inner\">\n\t\t\t\t\t<\/div>\n\t\t\t\t<\/div>\n\t\t<div class=\"elementor-element elementor-element-762ae42 e-flex e-con-boxed e-con e-parent\" data-id=\"762ae42\" data-element_type=\"container\">\n\t\t\t\t\t<div class=\"e-con-inner\">\n\t\t\t\t<div class=\"elementor-element elementor-element-3092ee7 elementor-widget elementor-widget-spacer\" data-id=\"3092ee7\" data-element_type=\"widget\" data-widget_type=\"spacer.default\">\n\t\t\t\t<div class=\"elementor-widget-container\">\n\t\t\t\t\t\t\t<div class=\"elementor-spacer\">\n\t\t\t<div class=\"elementor-spacer-inner\"><\/div>\n\t\t<\/div>\n\t\t\t\t\t\t<\/div>\n\t\t\t\t<\/div>\n\t\t\t\t\t<\/div>\n\t\t\t\t<\/div>\n\t\t<div class=\"elementor-element elementor-element-6f9b8af e-flex e-con-boxed e-con e-parent\" data-id=\"6f9b8af\" data-element_type=\"container\">\n\t\t\t\t\t<div class=\"e-con-inner\">\n\t\t\t\t<div class=\"elementor-element elementor-element-24c9922 elementor-widget elementor-widget-heading\" data-id=\"24c9922\" data-element_type=\"widget\" data-widget_type=\"heading.default\">\n\t\t\t\t<div class=\"elementor-widget-container\">\n\t\t\t\t\t<p class=\"elementor-heading-title elementor-size-default\">INFORMACI\u00d3N DE DOMINIO P\u00daBLICO ACTUALIZADA HASTA EL A\u00d1O 2025<\/p>\t\t\t\t<\/div>\n\t\t\t\t<\/div>\n\t\t\t\t\t<\/div>\n\t\t\t\t<\/div>\n\t\t\t\t<\/div>\n\t\t","protected":false},"excerpt":{"rendered":"<p>Direcci\u00f3n de Consulta y Estudios Ind\u00edgenas INFORMACI\u00d3N DE DOMINIO P\u00daBLICO ACTUALIZADA HASTA EL A\u00d1O 2025<\/p>\n","protected":false},"author":4,"featured_media":0,"parent":0,"menu_order":0,"comment_status":"closed","ping_status":"closed","template":"","meta":{"footnotes":""},"class_list":["post-36209","page","type-page","status-publish"],"yoast_head":"<!-- This site is optimized with the Yoast SEO plugin v25.3 - https:\/\/yoast.com\/wordpress\/plugins\/seo\/ -->\n<title>Direcci\u00f3n de Consulta y Estudios Ind\u00edgenas - INMAYA<\/title>\n<meta name=\"robots\" content=\"index, follow, max-snippet:-1, max-image-preview:large, max-video-preview:-1\" \/>\n<link rel=\"canonical\" href=\"https:\/\/inmaya.qroo.gob.mx\/index.php\/direccion-de-consulta-y-estudios-indigenas\/\" \/>\n<meta property=\"og:locale\" content=\"es_MX\" \/>\n<meta property=\"og:type\" content=\"article\" \/>\n<meta property=\"og:title\" content=\"Direcci\u00f3n de Consulta y Estudios Ind\u00edgenas - INMAYA\" \/>\n<meta property=\"og:description\" content=\"Direcci\u00f3n de Consulta y Estudios Ind\u00edgenas INFORMACI\u00d3N DE DOMINIO P\u00daBLICO ACTUALIZADA HASTA EL A\u00d1O 2025\" \/>\n<meta property=\"og:url\" content=\"https:\/\/inmaya.qroo.gob.mx\/index.php\/direccion-de-consulta-y-estudios-indigenas\/\" \/>\n<meta property=\"og:site_name\" content=\"INMAYA\" \/>\n<meta property=\"article:modified_time\" content=\"2025-01-20T21:37:50+00:00\" \/>\n<meta property=\"og:image\" content=\"https:\/\/inmaya.qroo.gob.mx\/wp-content\/uploads\/2025\/01\/Entrevistas-1-1024x1024.jpg\" \/>\n<meta name=\"twitter:card\" content=\"summary_large_image\" \/>\n<meta name=\"twitter:label1\" content=\"Tiempo de lectura\" \/>\n\t<meta name=\"twitter:data1\" content=\"1 minuto\" \/>\n<script type=\"application\/ld+json\" class=\"yoast-schema-graph\">{\"@context\":\"https:\/\/schema.org\",\"@graph\":[{\"@type\":\"WebPage\",\"@id\":\"https:\/\/inmaya.qroo.gob.mx\/index.php\/direccion-de-consulta-y-estudios-indigenas\/\",\"url\":\"https:\/\/inmaya.qroo.gob.mx\/index.php\/direccion-de-consulta-y-estudios-indigenas\/\",\"name\":\"Direcci\u00f3n de Consulta y Estudios Ind\u00edgenas - INMAYA\",\"isPartOf\":{\"@id\":\"https:\/\/inmaya.qroo.gob.mx\/#website\"},\"primaryImageOfPage\":{\"@id\":\"https:\/\/inmaya.qroo.gob.mx\/index.php\/direccion-de-consulta-y-estudios-indigenas\/#primaryimage\"},\"image\":{\"@id\":\"https:\/\/inmaya.qroo.gob.mx\/index.php\/direccion-de-consulta-y-estudios-indigenas\/#primaryimage\"},\"thumbnailUrl\":\"https:\/\/inmaya.qroo.gob.mx\/wp-content\/uploads\/2025\/01\/Entrevistas-1-1024x1024.jpg\",\"datePublished\":\"2025-01-20T17:38:50+00:00\",\"dateModified\":\"2025-01-20T21:37:50+00:00\",\"breadcrumb\":{\"@id\":\"https:\/\/inmaya.qroo.gob.mx\/index.php\/direccion-de-consulta-y-estudios-indigenas\/#breadcrumb\"},\"inLanguage\":\"es\",\"potentialAction\":[{\"@type\":\"ReadAction\",\"target\":[\"https:\/\/inmaya.qroo.gob.mx\/index.php\/direccion-de-consulta-y-estudios-indigenas\/\"]}]},{\"@type\":\"ImageObject\",\"inLanguage\":\"es\",\"@id\":\"https:\/\/inmaya.qroo.gob.mx\/index.php\/direccion-de-consulta-y-estudios-indigenas\/#primaryimage\",\"url\":\"https:\/\/inmaya.qroo.gob.mx\/wp-content\/uploads\/2025\/01\/Entrevistas-1.jpg\",\"contentUrl\":\"https:\/\/inmaya.qroo.gob.mx\/wp-content\/uploads\/2025\/01\/Entrevistas-1.jpg\",\"width\":1080,\"height\":1080},{\"@type\":\"BreadcrumbList\",\"@id\":\"https:\/\/inmaya.qroo.gob.mx\/index.php\/direccion-de-consulta-y-estudios-indigenas\/#breadcrumb\",\"itemListElement\":[{\"@type\":\"ListItem\",\"position\":1,\"name\":\"Inicio\",\"item\":\"https:\/\/inmaya.qroo.gob.mx\/\"},{\"@type\":\"ListItem\",\"position\":2,\"name\":\"Direcci\u00f3n de Consulta y Estudios Ind\u00edgenas\"}]},{\"@type\":\"WebSite\",\"@id\":\"https:\/\/inmaya.qroo.gob.mx\/#website\",\"url\":\"https:\/\/inmaya.qroo.gob.mx\/\",\"name\":\"INMAYA\",\"description\":\"Instituto para el Desarrollo del Pueblo Maya y las Comunidades Ind\u00edgenas del Estado de Quintana Roo\",\"publisher\":{\"@id\":\"https:\/\/inmaya.qroo.gob.mx\/#organization\"},\"potentialAction\":[{\"@type\":\"SearchAction\",\"target\":{\"@type\":\"EntryPoint\",\"urlTemplate\":\"https:\/\/inmaya.qroo.gob.mx\/?s={search_term_string}\"},\"query-input\":{\"@type\":\"PropertyValueSpecification\",\"valueRequired\":true,\"valueName\":\"search_term_string\"}}],\"inLanguage\":\"es\"},{\"@type\":\"Organization\",\"@id\":\"https:\/\/inmaya.qroo.gob.mx\/#organization\",\"name\":\"INMAYA\",\"url\":\"https:\/\/inmaya.qroo.gob.mx\/\",\"logo\":{\"@type\":\"ImageObject\",\"inLanguage\":\"es\",\"@id\":\"https:\/\/inmaya.qroo.gob.mx\/#\/schema\/logo\/image\/\",\"url\":\"https:\/\/inmaya.qroo.gob.mx\/wp-content\/uploads\/2024\/03\/logo-de-gobierno.png\",\"contentUrl\":\"https:\/\/inmaya.qroo.gob.mx\/wp-content\/uploads\/2024\/03\/logo-de-gobierno.png\",\"width\":1876,\"height\":596,\"caption\":\"INMAYA\"},\"image\":{\"@id\":\"https:\/\/inmaya.qroo.gob.mx\/#\/schema\/logo\/image\/\"}}]}<\/script>\n<!-- \/ Yoast SEO plugin. -->","yoast_head_json":{"title":"Direcci\u00f3n de Consulta y Estudios Ind\u00edgenas - INMAYA","robots":{"index":"index","follow":"follow","max-snippet":"max-snippet:-1","max-image-preview":"max-image-preview:large","max-video-preview":"max-video-preview:-1"},"canonical":"https:\/\/inmaya.qroo.gob.mx\/index.php\/direccion-de-consulta-y-estudios-indigenas\/","og_locale":"es_MX","og_type":"article","og_title":"Direcci\u00f3n de Consulta y Estudios Ind\u00edgenas - INMAYA","og_description":"Direcci\u00f3n de Consulta y Estudios Ind\u00edgenas INFORMACI\u00d3N DE DOMINIO P\u00daBLICO ACTUALIZADA HASTA EL A\u00d1O 2025","og_url":"https:\/\/inmaya.qroo.gob.mx\/index.php\/direccion-de-consulta-y-estudios-indigenas\/","og_site_name":"INMAYA","article_modified_time":"2025-01-20T21:37:50+00:00","og_image":[{"url":"https:\/\/inmaya.qroo.gob.mx\/wp-content\/uploads\/2025\/01\/Entrevistas-1-1024x1024.jpg","type":"","width":"","height":""}],"twitter_card":"summary_large_image","twitter_misc":{"Tiempo de lectura":"1 minuto"},"schema":{"@context":"https:\/\/schema.org","@graph":[{"@type":"WebPage","@id":"https:\/\/inmaya.qroo.gob.mx\/index.php\/direccion-de-consulta-y-estudios-indigenas\/","url":"https:\/\/inmaya.qroo.gob.mx\/index.php\/direccion-de-consulta-y-estudios-indigenas\/","name":"Direcci\u00f3n de Consulta y Estudios Ind\u00edgenas - INMAYA","isPartOf":{"@id":"https:\/\/inmaya.qroo.gob.mx\/#website"},"primaryImageOfPage":{"@id":"https:\/\/inmaya.qroo.gob.mx\/index.php\/direccion-de-consulta-y-estudios-indigenas\/#primaryimage"},"image":{"@id":"https:\/\/inmaya.qroo.gob.mx\/index.php\/direccion-de-consulta-y-estudios-indigenas\/#primaryimage"},"thumbnailUrl":"https:\/\/inmaya.qroo.gob.mx\/wp-content\/uploads\/2025\/01\/Entrevistas-1-1024x1024.jpg","datePublished":"2025-01-20T17:38:50+00:00","dateModified":"2025-01-20T21:37:50+00:00","breadcrumb":{"@id":"https:\/\/inmaya.qroo.gob.mx\/index.php\/direccion-de-consulta-y-estudios-indigenas\/#breadcrumb"},"inLanguage":"es","potentialAction":[{"@type":"ReadAction","target":["https:\/\/inmaya.qroo.gob.mx\/index.php\/direccion-de-consulta-y-estudios-indigenas\/"]}]},{"@type":"ImageObject","inLanguage":"es","@id":"https:\/\/inmaya.qroo.gob.mx\/index.php\/direccion-de-consulta-y-estudios-indigenas\/#primaryimage","url":"https:\/\/inmaya.qroo.gob.mx\/wp-content\/uploads\/2025\/01\/Entrevistas-1.jpg","contentUrl":"https:\/\/inmaya.qroo.gob.mx\/wp-content\/uploads\/2025\/01\/Entrevistas-1.jpg","width":1080,"height":1080},{"@type":"BreadcrumbList","@id":"https:\/\/inmaya.qroo.gob.mx\/index.php\/direccion-de-consulta-y-estudios-indigenas\/#breadcrumb","itemListElement":[{"@type":"ListItem","position":1,"name":"Inicio","item":"https:\/\/inmaya.qroo.gob.mx\/"},{"@type":"ListItem","position":2,"name":"Direcci\u00f3n de Consulta y Estudios Ind\u00edgenas"}]},{"@type":"WebSite","@id":"https:\/\/inmaya.qroo.gob.mx\/#website","url":"https:\/\/inmaya.qroo.gob.mx\/","name":"INMAYA","description":"Instituto para el Desarrollo del Pueblo Maya y las Comunidades Ind\u00edgenas del Estado de Quintana Roo","publisher":{"@id":"https:\/\/inmaya.qroo.gob.mx\/#organization"},"potentialAction":[{"@type":"SearchAction","target":{"@type":"EntryPoint","urlTemplate":"https:\/\/inmaya.qroo.gob.mx\/?s={search_term_string}"},"query-input":{"@type":"PropertyValueSpecification","valueRequired":true,"valueName":"search_term_string"}}],"inLanguage":"es"},{"@type":"Organization","@id":"https:\/\/inmaya.qroo.gob.mx\/#organization","name":"INMAYA","url":"https:\/\/inmaya.qroo.gob.mx\/","logo":{"@type":"ImageObject","inLanguage":"es","@id":"https:\/\/inmaya.qroo.gob.mx\/#\/schema\/logo\/image\/","url":"https:\/\/inmaya.qroo.gob.mx\/wp-content\/uploads\/2024\/03\/logo-de-gobierno.png","contentUrl":"https:\/\/inmaya.qroo.gob.mx\/wp-content\/uploads\/2024\/03\/logo-de-gobierno.png","width":1876,"height":596,"caption":"INMAYA"},"image":{"@id":"https:\/\/inmaya.qroo.gob.mx\/#\/schema\/logo\/image\/"}}]}},"_links":{"self":[{"href":"https:\/\/inmaya.qroo.gob.mx\/index.php\/wp-json\/wp\/v2\/pages\/36209","targetHints":{"allow":["GET"]}}],"collection":[{"href":"https:\/\/inmaya.qroo.gob.mx\/index.php\/wp-json\/wp\/v2\/pages"}],"about":[{"href":"https:\/\/inmaya.qroo.gob.mx\/index.php\/wp-json\/wp\/v2\/types\/page"}],"author":[{"embeddable":true,"href":"https:\/\/inmaya.qroo.gob.mx\/index.php\/wp-json\/wp\/v2\/users\/4"}],"replies":[{"embeddable":true,"href":"https:\/\/inmaya.qroo.gob.mx\/index.php\/wp-json\/wp\/v2\/comments?post=36209"}],"version-history":[{"count":19,"href":"https:\/\/inmaya.qroo.gob.mx\/index.php\/wp-json\/wp\/v2\/pages\/36209\/revisions"}],"predecessor-version":[{"id":36291,"href":"https:\/\/inmaya.qroo.gob.mx\/index.php\/wp-json\/wp\/v2\/pages\/36209\/revisions\/36291"}],"wp:attachment":[{"href":"https:\/\/inmaya.qroo.gob.mx\/index.php\/wp-json\/wp\/v2\/media?parent=36209"}],"curies":[{"name":"wp","href":"https:\/\/api.w.org\/{rel}","templated":true}]}}